inder when 555 is divided by n?
75
Let w(r) = -5*r + 110. Let c be w(23). What is the remainder when (-7 - (-130)/c)*10/(-6) is divided by 7?
6
Suppose 8*r - 28 = 4. Suppose 0 = s - r*s - 4*j + 68, -2*j = 5*s - 90. Calculate the remainder when 253 is divided by s.
13
Suppose -5*l = 5*m - 255, -3*l + 141 = -3*m + 2*m. Calculate the remainder when (-988)/4446 - 2544/(-27) is divided by l.
46
Let w(b) = -101*b - 8244. What is the remainder when 1522 is divided by w(-82)?
2
Suppose 2*p + 0*p - 11 = 3*h, p + 5*h - 25 = 0. Calculate the remainder when 847/13 - (-16)/728*-7 is divided by p.
5
What is the remainder when (-8 - 4816/64 - 6)/(2/(-24)) is divided by 29?
27
Suppose 4*q = -3*a + 4, 3*a = 5*q + 2 - 34. What is the remainder when -136*(-13 - 125/(-10)) is divided by (-30)/a*42/9?
33
Let c = 8954 + -7461. What is the remainder when c is divided by 151?
134
Let o(t) = t**3 + 6*t**2 - 7*t - 38. Calculate the remainder when 217 is divided by o(-5).
19
Let s(d) = -d**3 + 51*d**2 - 20*d - 5. What is the remainder when s(9) is divided by 70?
67
Let t(w) = w**3 - 5*w**2 - 8*w - 17. Let r be t(8). Let f = 124 - r. Suppose 3*s - 77 = f. What is the remainder when 87 is divided by s?
27
Let d be (-36)/8*1*-2. Suppose -6 = n - 4*c, n + 3 = -2*c + d. Suppose r - n*g - 59 = 0, -r + 3*g + 116 = r. Calculate the remainder when r is divided by 19.
17
Suppose 608*d - 614*d + 672 = 0. Calculate the remainder when d is divided by (-849)/(-21) + (-15)/35.
32
Let l(w) = -w**2 + 6*w + 155. Calculate the remainder when 383 is divided by l(14).
39
What is the remainder when (-18235)/(-10) + 2/4 - (-2 - -1) is divided by 87?
85
Let k = 44 + 2. Calculate the remainder when k is divided by (2 - 4) + 10 + 2.
6
Let h = 353 + -367. What is the remainder when (-3 - 0 - h) + (-10 - -9) is divided by 3?
1
Let v = 75 + -77. Let i = -77 + 115. What is the remainder when 5/10*v - -151 is divided by i?
36
Let q(f) = -f**3 + 22*f**2 + 3*f - 60. Let n = 34 + -7. Calculate the remainder when n is divided by q(22).
3
Let z(s) be the second derivative of 0 + 5/6*s**3 - 3*s + 1/4*s**4 - s**2. What is the remainder when 128 is divided by z(-4)?
24
Suppose -3*d + 25 = -2*u, -4*d - 19 = -5*d - 2*u. Let c be (1 + 0)*-45*(-6)/30. Suppose 77 = c*v + 41. Calculate the remainder when d is divided by v.
3
Let r = 317 - 314. What is the remainder when (-4 + 94 - r)*(0 + 1) is divided by 18?
15
Suppose -3*h - 2*y = 30, -2*h - 20 = -0*h - y. Let b = h + 19. Let x(u) = 6*u - 30. What is the remainder when x(b) is divided by 5?
4
Let m = 83 + -43. Suppose 8*a = 64 + m. What is the remainder when 63 is divided by a?
11
Let u(p) = -24*p + 1. Calculate the remainder when u(-3) is divided by 8177/481 - (0 - 12).
15
What is the remainder when 259 is divided by ((-11819)/1115)/(1/(-5))?
47
Suppose 0 = -3*t + 3*y + 2511, -4*t = 3*y - 2*y - 3328. Suppose -8*k + 79 = -t. Calculate the remainder when k is divided by 31.
21
Let v(d) = -d**3 + 9*d**2 + 3*d - 3. Let l be (-4)/26 - 2320/(-208). Let r = l + 8. What is the remainder when v(5) is divided by r?
17
Suppose 7*r - 140 = 5*r + 5*y, 5*y = 5*r - 380. Calculate the remainder when 4957 is divided by r.
77
Let n be (16 - 730) + 6/(-2). Let o = n + 736. Calculate the remainder when 645 is divided by o.
18
Let v = -90 + 431. Let o = v + -332. What is the remainder when 23 is divided by o?
5
Let d(g) = 29*g**2 + 11*g - 11. Let a be d(1). Suppose -2*h = -3*x - 51, -a = -h + 2*x - 1. What is the remainder when 58 is divided by h?
4
Let i be 16752/32 - (-1)/2. What is the remainder when 83 is divided by i/36 + 28/63?
8
Suppose 3*c = -2*r + 17, 0*r + 4*r - 43 = 3*c. Let u(w) = -5*w**2 + 52*w - 6. Calculate the remainder when u(r) is divided by 11.
3
Let r = 59 + -52. Let k = -5 + r. Suppose -5*b = c - 95, -k*c + 5*b - 2*b = -229. Calculate the remainder when c is divided by 14.
12
Let h = 0 - -9. Suppose y + 7 = h. Let r = 8 + y. What is the remainder when 19 is divided by r?
9
Calculate the remainder when 124 is divided by 2/(-5) + 1 - (-1821)/15.
2
Suppose -2*g - 4*a + 16 = 0, 5*a = 16*g - 11*g - 160. Calculate the remainder when 7840 is divided by g.
16
Let f(h) = 40*h**2 + 11*h - 58. Let w be f(5). Suppose w = 10*c + 417. What is the remainder when c is divided by 35?
23
Let h be 2/(-7) - (624/(-28) - 1). Suppose 17*q + 264 = h*q. Let p = 69 - q. What is the remainder when 69 is divided by p?
19
Let u(o) = -o**3 - 6*o**2 - 2*o - 13. Suppose 16 = 4*d - 0. Suppose z = 2*r + 3, -r = -z - d*r - 22. Calculate the remainder when u(z) is divided by 30.
20
Suppose -3*y + v = 2*v - 5, 2*y = 2*v + 14. Suppose y*w + 370 = -4*x, -x + 3*w - 65 = 35. Let z = -48 - x. What is the remainder when z is divided by 17?
12
Let o(a) = 33*a + 4. Suppose 2*c + 2*h - 14 = 0, c + 2*c + h = 13. What is the remainder when (15/(-10))/(c/(-20)) is divided by o(0)?
2
Let q = 19 + -10. Let s = 117 + q. What is the remainder when s is divided by 26?
22
Suppose 2*w + 3 = 25. Calculate the remainder when (65/2)/((-397)/(-2382)) is divided by w.
8
Suppose 17463 - 23369 = -50*g + 55344. What is the remainder when g is divided by 77?
70
Let i = 8488 + -7969. What is the remainder when i is divided by 260?
259
Suppose -30*y - 1176126 = -183*y - 194784. What is the remainder when y is divided by 16?
14
Suppose -28*a + 29*a - 4*q + 4 = 0, 5*a - 65 = 3*q. Suppose -9*y + 56 = -a. Calculate the remainder when 34 is divided by y.
2
Let o(b) = 33*b**3 - 2*b**2 + b - 1. Suppose 5*h + 190 = -l, 4*h + 5*l = -134 + 3. Calculate the remainder when o(1) is divided by (-12)/(-30) + h*(-2)/5.
15
Let x = 536 - 532. Suppose 4*t = -f + 461, -x*f + 3 = -f. What is the remainder when t is divided by 39?
37
Let o be 77*(-3)/(0 - 3). Suppose 0 = -4*b - 5*i + o + 17, 0 = -3*b + 4*i + 55. Calculate the remainder when 293 is divided by b.
20
Let l(j) = 10*j**2 - j - 1. Suppose 4*i + 6 = 7*i. Let n be i + 0 - 33/11. What is the remainder when l(n) is divided by 3?
1
Let p = 135 - 122. Suppose -k + 14 = p. Calculate the remainder when 51 is divided by 1/((-2)/(-26))*k.
12
Suppose 0 = -64*l - 835 + 2196 + 2479. What is the remainder when 1919 is divided by l?
59
What is the remainder when ((-90)/(-54))/((-20)/(-1176)) is divided by 96?
2
Calculate the remainder when 650 is divided by ((1/9)/((-153)/(-42687)))/((-1)/(-6)).
92
Let c = -53 + 60. Let n(p) = -p**3 - 7*p + 5*p + p**2 - c*p**2 - 11. What is the remainder when n(-7) is divided by 15?
7
Suppose 5*m + 5*j = 950, -27 = 5*m - j - 995. Suppose 0 = 195*t - m*t - 22. Calculate the remainder when 285 is divided by t.
10
Calculate the remainder when 144 is divided by (-24)/(-54) + 4975/45.
33
Let m = 32 - -1. What is the remainder when 683 is divided by m?
23
Let u = 160 - -20. What is the remainder when 136 is divided by (72/u)/(((-2)/(-15))/2)?
4
Let y(z) = -z**3 + 17*z**2 + 3*z - 41. Let b be y(17). Suppose b*u - 1 = 89. Suppose 0 = 4*d - 82 - 14. Calculate the remainder when d is divided by u.
6
Let y(u) = -u**3 + 14*u**2 + 118*u + 59. What is the remainder when 2630 is divided by y(-8)?
15
Suppose y = -9 + 13. Suppose 2*b = 4*p + 168, -101 = y*p + 3*b + 87. Let x = p + 49. Calculate the remainder when x is divided by 4.
1
Let q(c) = c**3 - 81*c**2 + 378*c + 260. What is the remainder when 440 is divided by q(76)?
8
Suppose 0 = -66*i - 173*i + 63096. What is the remainder when i is divided by 91?
82
Let y(k) = -k**3 - 18*k**2 - 31*k - 194. Calculate the remainder when 1890 is divided by y(-17).
42
Let b(i) = -4*i**3 - 2*i**2 + 49*i + 34. What is the remainder when b(-6) is divided by 27?
19
Let x(h) = -h**3 + 11*h**2 + 8*h + 32. Let l be x(10). Suppose 5*v - l = 823. Calculate the remainder when v is divided by 36.
27
Suppose -3*p = 2*w - 5*p - 38, -5*p - 10 = 0. Let l = 81 - -41. Let i = l + -73. What is the remainder when i is divided by w?
15
Calculate the remainder when (-1 - (-34)/10)*52500/630 is divided by 67.
66
Suppose 41*p - 13*p = 252. Suppose -p*n + 197 = 44. Calculate the remainder when (0 + 3/4)*84 is divided by n.
12
Suppose 5*j - 1880 = 160*y - 155*y, 2*j + 4*y - 758 = 0. What is the remainder when j is divided by 128?
121
Let j(x) = x**2 - 4*x - 19. Let d be j(7). Suppose 5*y + 10 = -d*q + 60, 4*q + 32 = y. Let n = y + 5. What is the remainder when n i